10002120
In base 12, what is 8 - 1395b?
-13953
In base 7, what is -5 - -1546164?
1546156
In base 7, what is -33050 + -1?
-33051
In base 3, what is 1002 - 1111001?
-1102222
In base 12, what is -109 + 10956?
10849
In base 8, what is 120466 - 60?
120406
In base 15, what is 6c - 143?
-c6
In base 6, what is 3 + -411100?
-411053
In base 12, what is -11ba90 + -4?
-11ba94
In base 16, what is 53 + -3e4?
-391
In base 14, what is 17 + -44734?
-4471b
In base 15, what is c586 - 1?
c585
In base 16, what is -9690 - 5e?
-96ee
In base 16, what is -3 - -21383?
21380
In base 9, what is 1 + -62451?
-62450
In base 6, what is 34 + -21113?
-21035
In base 6, what is -4553403 - 3?
-4553410
In base 15, what is -159ed + -6?
-15a04
In base 15, what is -73 - -3b70?
3aec
In base 2, what is 1000100111111 + 1101?
1000101001100
In base 3, what is 111 + -222201?
-222020
In base 6, what is -1401435 + 1?
-1401434
In base 5, what is -1123 - -31000?
24322
In base 2, what is 100011000 + -10011110?
1111010
In base 14, what is -3a6175 - 0?
-3a6175
In base 9, what is 118 - -623?
742
In base 2, what is 11110101111110101 - -11?
11110101111111000
In base 2, what is -110010011110011110011 + 100?
-110010011110011101111
In base 9, what is 34085 + -33?
34052
In base 5, what is -32 + 1330223?
1330141
In base 5, what is -4044 + -4?
-4103
In base 14, what is -40937 - -2?
-40935
In base 2, what is 11 - 100100110001000101?
-100100110001000010
In base 10, what is -2091 + -12?
-2103
In base 14, what is -8 - -118519?
118511
In base 16, what is 80 + -16b2?
-1632
In base 5, what is 10 - -320244?
320304
In base 6, what is 3013 + -12254?
-5241
In base 7, what is 4 - 24231?
-24224
In base 14, what is 1 + 2dca?
2dcb
In base 13, what is -4 + 374?
370
In base 10, what is -148696 - -3?
-148693
In base 11, what is 7a1 - 4aa?
2a2
In base 14, what is d4a4 - 4?
d4a0
In base 2, what is 100 + 100010101110?
100010110010
In base 7, what is -42565 + 62?
-42503
In base 12, what is 1483 - -165?
1628
In base 16, what is -6e0f - 5?
-6e14
In base 7, what is 2 + -523634?
-523632
In base 9, what is 165 - 2241?
-2065
In base 15, what is -49 + -8a?
-d4
In base 8, what is 77424 + -137?
77265
In base 4, what is -332 + -1233200?
-1300132
In base 16, what is -4bdc - 0?
-4bdc
In base 9, what is -1003 + -24?
-1027
In base 5, what is 1112 + -1400?
-233
In base 7, what is -534103 + 3?
-534100
In base 4, what is -1023 + -103021?
-110110
In base 3, what is 20111 + -1021101?
-1000220
In base 13, what is -4 - 1879c?
-187a3
In base 5, what is 3212 - 122?
3040
In base 13, what is 2 + 4aa2a?
4aa2c
In base 12, what is -132aa + -33?
-13321
In base 2, what is -11 + 1111101110110?
1111101110011
In base 2, what is -1000100110110 + 100?
-1000100110010
In base 5, what is 102104143 - -2?
102104200
In base 8, what is -5 - 570323?
-570330
In base 12, what is -2 + 17b59?
17b57
In base 13, what is 1 + -10029?
-10028
In base 11, what is -142 + 87?
-66
In base 6, what is 25 - -50411?
50440
In base 4, what is 1 + 23111333?
23112000
In base 15, what is -d86 + 88?
-ced
In base 4, what is 20301 - -1101?
22002
In base 6, what is 2304 - -540?
3244
In base 14, what is -189 + -1a58?
-1c03
In base 8, what is 4775 - -106?
5103
In base 10, what is 1274 - -110?
1384
In base 9, what is -1 - 182270?
-182271
In base 8, what is -717476 + -1?
-717477
In base 5, what is 40 - -140?
230
In base 7, what is 1 - 2123302?
-2123301
In base 13, what is 51 + 2114?
2165
In base 7, what is 252 + 123?
405
In base 7, what is -4 - -2161635?
2161631
In base 16, what is -2 - 34c2b?
-34c2d
In base 12, what is 509a6 - 3?
509a3
In base 5, what is -230 - 32110?
-32340
In base 14, what is a0b92 - -6?
a0b98
In base 2, what is 1 - 1010101100111?
-1010101100110
In base 11, what is 168 - -2519?
2686
In base 13, what is -34 - -30b40?
30b09
In base 14, what is -17d + 28?
-155
In base 14, what is 81a + d?
829
In base 11, what is -22 - 2414?
-2436
In base 4, what is 3032200 + -10?
3032130
In base 5, what is 40 + -142441?
-142401
In base 8, what is 2 - -322367?
322371
In base 5, what is 32302 + -103?
32144
In base 16, what is -1a387 - 4?
-1a38b
In base 2, what is 101011001 - 100?
101010101
In base 15, what is -4 - a4b3?
-a4b7
In base 5, what is -144041 - 321?
-144412
In base 13, what is 5 - -1c0ab?
1c0b3
In base 14, what is -4a58 + 5?
-4a53
In base 12, what is 0 - 6219?
-6219
In base 6, what is -131 - 302522?
-303053
In base 10, what is 4 - -4841?
4845
In base 14, what is 11296 + -5?
11291
In base 5, what is 32031 - 112?
31414
In base 13, what is 13c - 9722?
-95b3
In base 16, what is -39d9 - 5?
-39de
In base 10, what is -4049 - 0?
-4049
In base 4, what is -323103 + -100?
-323203
In base 4, what is -1230 - -10210?
2320
In base 12, what is 2b - -10620?
1064b
In base 7, what is 1 - 655225?
-655224
In base 4, what is -33202 + 203211?
110003
In base 16, what is -1 - 2bca?
-2bcb
In base 2, what is 1001 - 111000110100?
-111000101011
In base 5, what is 44242 - 3212?
41030
In base 12, what is 33 - 13657?
-13624
In base 2, what is -1001110001001 + 10?
-1001110000111
In base 3, what is 1020010 + 2201?
1022211
In base 9, what is -81671 - 8?
-81680
In base 9, what is 2 + 812504?
812506
In base 4, what is -120 - 220021?
-220201
In base 15, what is -2 - -8c39?
8c37
In base 6, what is 541553 + 5?
542002
In base 10, what is -6242 - 30?
-6272
In base 12, what is 4a - a54?
-a06
In base 2, what is 11110 + 1111011001?
1111110111
In base 8, what is 4 - -2061?
2065
In base 12, what is 27 + 996?
a01
In base 8, what is 4 - -212201?
212205
In base 3, what is -2102110 - -200012?
-1202021
In base 8, what is -1370121 - 5?
-1370126
In base 4, what is 20203 + -333?
13210
In base 6, what is 1 + -1525403?
-1525402
In base 5, what is 10 - -221401?
221411
In base 9, what is 3 - -467134?
467137
In base 6, what is -10400503 - -2?
-10400501
In base 10, what is 25508 + -3?
25505
In base 14, what is 2b + -d517?
-d4ca
In base 6, what is 3 - 4143231?
-4143224
In base 9, what is 10770 - -32?
10812
In base 12, what is 78961 - 5?
78958
In base 12, what is 1a2 - -42?
224
In base 3, what is -101220 - -1121?
-100022
In base 4, what is 10 + -12320022?
-12320012
In base 6, what is 244251 + 2?
244253
In base 10, what is 10 - 199207?
-199197
In base 2, what is -10111011110111010011 - -100?
-10111011110111001111
In base 7, what is 20 + -36265?
-36245
In base 13, what is -4 + 1549c?
15498
In base 13, what is 2 + -193511?
-19350c
In base 4, what is 30333112 - 20?
30333032
In base 2, what is -1100101 + 100010000?
10101011
In base 13, what is -a682 + 5?
-a67a
In base 3, what is 110101222101 + 1?
110101222102
In base 6, what is 125 - 1113?
-544
In base 2, what is -1001100100011100 + -101101?
-1001100101001001
In base 6, what is -4044 + 25?
-4015
In base 7, what is 33106 - -46?
33155
In base 5, what is 4 + -4102434?
-4102430
In base 6, what is 3 - 20354?
-20351
In base 15, what is -8963 + 1d?
-8945
In base 7, what is -233 - -534?
301
In base 6, what is -2321524 + -2?
-2321530
In base 10, what is -3 - -50001?
49998
In base 9, what is -15 - -45240?
45224
In base 7, what is 116 + -411?
-262
In base 14, what is -ad31 - 53?
-ad84
In base 10, what is 67028 - 0?
67028
In base 9, what is -313323 - 0?
-313323
In base 13, what is -c + 17b38?
17b29
In base 7, what is 136 + 505?
644
In base 6, what is 3 + -425333?
-425330
In base 2, what is 1100 - -11010010101111?
11010010111011
In base 11, what is -1 - 3927?
-3928
In base 15, what is -e5 - 39?
-12e
In base 3, what is -202 + 12102212?
12102010
In base 7, what is -11462060 + -4?
-11462064
In base 8, what is -347745 + 70?
-347655
In base 16, what is 2 + -4def?
-4ded
In base 7, what is -3 - -616013?
616010
In base 2, what is 10100001100 + 11100001110?
110000011010
In base 4, what is -2 + -11101022312?
-11101022320
In base 15, what is -2 + -259?
-25b
In base 8, what is -34 - -30451?
30415
In base 3, what is 21211210 + -20?
21211120
In base 7, what is -33 - 506026?
-506062
In base 5, what is -2244 + -4110?
-11404
In base 12, what is -12 + 113b?
1129
In base 13, what is 3c + -27a?
-23b
In base 9, what is -2843 - 0?
-2843
In base 14, what is 103d - 89?
d94
In base 2, what is -11011110100110000000 - 1?
-11011110100110000001
In base 4, what is -1200111301 + 11?
-1200111230
In base 3, what is 11 + 11110111002?
11110111020
In 